{"id":12,"date":"2017-05-05T21:52:38","date_gmt":"2017-05-05T21:52:38","guid":{"rendered":"https:\/\/www.siragusano.it\/supplenze\/?page_id=12"},"modified":"2017-10-15T17:49:16","modified_gmt":"2017-10-15T17:49:16","slug":"docenti-modelli","status":"publish","type":"page","link":"https:\/\/www.siragusano.it\/supplenze\/docenti-modelli","title":{"rendered":"Docenti &#8211; Modelli"},"content":{"rendered":"<p style=\"text-align: center;\"><span style=\"color: #ff0000; font-size: 14pt;\"><strong>Personale Docente &#8211;\u00a0Informazioni sull&#8217;utilizzo dei Modelli<\/strong><\/span><\/p>\n<p style=\"text-align: justify;\"><span style=\"font-size: 12pt;\"><strong>Quali modelli da utilizzare:<\/strong><\/span><\/p>\n<p style=\"text-align: justify;\"><span style=\"text-decoration: underline;\"><strong>Docenti abilitati<\/strong><\/span><\/p>\n<ul>\n<li style=\"text-align: justify;\">Per i docenti abilitati, si utilizza sempre il <strong>modello A1<\/strong> sia che si tratti di aggiornamento che di nuovo\u00a0inserimento.<\/li>\n<li style=\"text-align: justify;\">Per ogni insegnamento richiesto va indicata a pagina 2 se si tratta di un nuovo inserimento (<strong>N.I.<\/strong>) o di un\u00a0aggiornamento (<strong>P.I.<\/strong>).<\/li>\n<\/ul>\n<p style=\"text-align: justify;\"><span style=\"text-decoration: underline;\"><strong>Docenti non abilitati<\/strong><\/span><\/p>\n<ul style=\"text-align: justify;\">\n<li>Per i docenti non abilitati si possono utilizzare, alternativamente, i <strong>modelli A2<\/strong> e <strong>A2bis<\/strong>.<\/li>\n<li>Il <strong>modello A2<\/strong> si utilizza per:<\/li>\n<\/ul>\n<ol style=\"text-align: justify;\">\n<li>chi deve solo aggiornare la propria posizione in <strong>III terza fascia<\/strong> e non ha nuovi insegnamenti da\u00a0aggiungere, chi deve inserirsi per la prima volta in III fascia (non era presente per alcun insegnamento nel 2014\/2017).<\/li>\n<\/ol>\n<ul style=\"text-align: justify;\">\n<li>Il <strong>modello A2bis<\/strong> si utilizza per:<\/li>\n<\/ul>\n<ol style=\"text-align: justify;\">\n<li>chi deve aggiornare la propria posizione in III terza fascia e ha anche nuovi insegnamenti da aggiungere\u00a0(come primo inserimento).<br \/>\nN.B. Per la scuola secondaria, l\u2019aggiornamento delle domande in base ai nuovi codici delle classi di concorso \u00e8\u00a0relativo ad una o pi\u00f9 delle classi di concorso del pregresso ordinamento confluite nell&#8217;attuale. La\u00a0corrispondenza potr\u00e0 essere indicata nella sezione B dei modelli di domanda (a breve una scheda di\u00a0approfondimento).<\/li>\n<\/ol>\n<p style=\"text-align: justify;\"><span style=\"text-decoration: underline;\"><strong>Scelta della provincia (una sola provincia)<\/strong><\/span><\/p>\n<p style=\"text-align: justify;\">La scelta della provincia nella quale includersi o presentare la domanda di aggiornamento \u00e8 libera (escluso\u00a0Trento, Bolzano e Valle D\u2019Aosta che hanno regole proprie).<br \/>\n\u00c8 quindi possibile anche cambiare la provincia scelta nel 2014. Gli unici che non possono cambiare la\u00a0provincia di precedente inclusione sono i docenti inclusi anche nelle graduatorie ad esaurimento in quanto le\u00a0corrispondenti graduatorie di I fascia potranno essere aggiornate solo dal 2019\/2020.<\/p>\n<p style=\"text-align: justify;\"><span style=\"text-decoration: underline;\"><strong>A chi indirizzare la domanda<\/strong><\/span><\/p>\n<p style=\"text-align: justify;\">La domanda (o le domande se presenti sia in II che in III fascia) va inviata (con <strong>raccomandata con ricevuta di\u00a0ritorno<\/strong>, <strong>PEC<\/strong> o a <strong>mano con rilascio di ricevuta<\/strong>) ad una scuola qualsiasi della provincia scelta: questa scuola\u00a0sar\u00e0 quella che gestisce la domanda (le domande) e tutte le fasi successive. Non \u00e8 pi\u00f9 previsto un vincolo\u00a0sull&#8217;ordine di scuola, fatto salvo per chi chiede anche scuole speciali che possono essere le uniche destinatarie\u00a0della domanda stessa.<\/p>\n<p style=\"text-align: justify;\"><strong><em><span style=\"text-decoration: underline;\">Download<\/span><\/em><\/strong><\/p>\n<p style=\"text-align: left;\"><strong><a href=\"https:\/\/www.siragusano.it\/supplenze\/wp-content\/uploads\/2017\/06\/Modello_A1_2017-20.pdf\" target=\"_blank\" rel=\"noopener\">Modello A1 &#8211; No Editabile<\/a><\/strong><\/p>\n<p style=\"text-align: left;\"><strong><a href=\"https:\/\/www.siragusano.it\/supplenze\/wp-content\/uploads\/2017\/06\/Modello_A2_Editabile.pdf\" target=\"_blank\" rel=\"noopener\">Modello A2 Editabile<\/a><\/strong><\/p>\n<p style=\"text-align: left;\"><strong><a href=\"https:\/\/www.siragusano.it\/supplenze\/wp-content\/uploads\/2017\/06\/Modello_A2bis_Editabile.pdf\">Modello A2bis Editabile<\/a><\/strong><\/p>\n<p>&nbsp;<\/p>\n","protected":false},"excerpt":{"rendered":"<p>Personale Docente &#8211;\u00a0Informazioni sull&#8217;utilizzo dei Modelli Quali modelli da utilizzare: Docenti abilitati Per i docenti abilitati, si utilizza sempre il modello A1 sia che si tratti di aggiornamento che di nuovo\u00a0inserimento. Per ogni insegnamento richiesto va indicata a pagina 2 se si tratta di un nuovo inserimento (N.I.) o di un\u00a0aggiornamento (P.I.). Docenti non abilitati [&hellip;]<\/p>\n","protected":false},"author":1,"featured_media":0,"parent":0,"menu_order":0,"comment_status":"closed","ping_status":"closed","template":"","meta":{"footnotes":""},"class_list":["post-12","page","type-page","status-publish","hentry"],"_links":{"self":[{"href":"https:\/\/www.siragusano.it\/supplenze\/wp-json\/wp\/v2\/pages\/12","targetHints":{"allow":["GET"]}}],"collection":[{"href":"https:\/\/www.siragusano.it\/supplenze\/wp-json\/wp\/v2\/pages"}],"about":[{"href":"https:\/\/www.siragusano.it\/supplenze\/wp-json\/wp\/v2\/types\/page"}],"author":[{"embeddable":true,"href":"https:\/\/www.siragusano.it\/supplenze\/wp-json\/wp\/v2\/users\/1"}],"replies":[{"embeddable":true,"href":"https:\/\/www.siragusano.it\/supplenze\/wp-json\/wp\/v2\/comments?post=12"}],"version-history":[{"count":36,"href":"https:\/\/www.siragusano.it\/supplenze\/wp-json\/wp\/v2\/pages\/12\/revisions"}],"predecessor-version":[{"id":259,"href":"https:\/\/www.siragusano.it\/supplenze\/wp-json\/wp\/v2\/pages\/12\/revisions\/259"}],"wp:attachment":[{"href":"https:\/\/www.siragusano.it\/supplenze\/wp-json\/wp\/v2\/media?parent=12"}],"curies":[{"name":"wp","href":"https:\/\/api.w.org\/{rel}","templated":true}]}}